se 5, what is -2 + 4230?
4223
In base 14, what is b - -9?
16
In base 11, what is -4 - -12?
9
In base 10, what is -14 + 42?
28
In base 7, what is -103 + -22?
-125
In base 9, what is 1 + 3332?
3333
In base 5, what is 112423 + 3?
112431
In base 9, what is -6 - 41?
-47
In base 14, what is -1 - 2b?
-2c
In base 12, what is -5 - -12?
9
In base 14, what is -44 - 12?
-56
In base 12, what is -255 + -1?
-256
In base 14, what is -a3 + 3?
-a0
In base 16, what is -49 - 5?
-4e
In base 4, what is -2232 + -2210?
-11102
In base 2, what is 11010010 + 10100?
11100110
In base 3, what is -12 + 1020120?
1020101
In base 10, what is -70 - 46?
-116
In base 8, what is 6 - -774?
1002
In base 15, what is -14 + 4?
-10
In base 8, what is -11 + -72?
-103
In base 14, what is 17 - -a?
23
In base 3, what is -120011 - 11?
-120022
In base 6, what is 135 - 5?
130
In base 16, what is d - -115?
122
In base 5, what is -22003 + -2?
-22010
In base 13, what is 5 - 3082?
-307a
In base 16, what is 1a08 - -2?
1a0a
In base 9, what is 4131 - -10?
4141
In base 4, what is -33 + -132?
-231
In base 7, what is -554 - -5?
-546
In base 15, what is 3e + -11?
2d
In base 6, what is 4 - 12221?
-12213
In base 2, what is -110100 - -1001?
-101011
In base 5, what is -1 - -3143?
3142
In base 5, what is 10 - -3243?
3303
In base 2, what is -1001111 - 110?
-1010101
In base 12, what is -54 - -20?
-34
In base 3, what is 11111 - -1000?
12111
In base 3, what is -21 - 1112?
-1210
In base 6, what is -552 - 10?
-1002
In base 10, what is -752 + -5?
-757
In base 9, what is 605 - 2?
603
In base 4, what is -3 - 3330?
-3333
In base 11, what is 818 + 6?
823
In base 9, what is 2125 - -5?
2131
In base 8, what is -44 + -3?
-47
In base 8, what is -6 - -351?
343
In base 11, what is -7742 - -1?
-7741
In base 6, what is -11304 - 0?
-11304
In base 15, what is 5d - c?
51
In base 13, what is c0 + -116?
-26
In base 9, what is 3 - 15?
-12
In base 14, what is a32 - -2?
a34
In base 4, what is -10 + -210023?
-210033
In base 13, what is 374 + -2?
372
In base 13, what is 1b964 - 5?
1b95c
In base 10, what is 11 + -1?
10
In base 12, what is -1037 + 1?
-1036
In base 3, what is 111 + 12?
200
In base 15, what is -4 + -2dd?
-2e2
In base 15, what is 24db + 0?
24db
In base 15, what is 1 + -1d?
-1c
In base 11, what is -2 + -2?
-4
In base 12, what is 69a - -11?
6ab
In base 7, what is 25 + 13?
41
In base 3, what is -10120200 - -11?
-10120112
In base 4, what is 32 - -1?
33
In base 14, what is 234 - -4?
238
In base 16, what is -5 - f5?
-fa
In base 14, what is 173 + -12?
161
In base 11, what is 69 + 42?
100
In base 8, what is 246 + -76?
150
In base 16, what is -b3 - 2?
-b5
In base 12, what is -111 - -11?
-100
In base 2, what is -11001000111001 + -10?
-11001000111011
In base 4, what is 1 + 120230?
120231
In base 4, what is -131 + 12?
-113
In base 12, what is -5 + -b3?
-b8
In base 12, what is -2bbb + 3?
-2bb8
In base 13, what is 8 - 24a?
-242
In base 8, what is 4 - -131?
135
In base 16, what is -113a + -4?
-113e
In base 10, what is -10 - -28?
18
In base 13, what is 954 - -5?
959
In base 11, what is 4 + -18?
-14
In base 12, what is -82 + 4?
-7a
In base 10, what is -99 - 2?
-101
In base 7, what is 0 + 1?
1
In base 16, what is -2 - -26?
24
In base 15, what is 29d + 1c?
2ba
In base 10, what is 1382 - -4?
1386
In base 6, what is 1 - -4355?
4400
In base 2, what is -100010001 + 1011?
-100000110
In base 4, what is 23013 - 0?
23013
In base 16, what is -2 + 20?
1e
In base 7, what is 154 + -1?
153
In base 13, what is 7 - b?
-4
In base 7, what is -520 + 3?
-514
In base 4, what is 1 - -210?
211
In base 3, what is -1012110021 + 1?
-1012110020
In base 14, what is 82 - 9?
77
In base 10, what is 190 + 5?
195
In base 7, what is -650 + 6?
-641
In base 12, what is -21a8 + -1?
-21a9
In base 16, what is -3 + -254?
-257
In base 16, what is 37 - c?
2b
In base 13, what is -1 + 27?
26
In base 13, what is 5273 + -1?
5272
In base 6, what is -20 - 1?
-21
In base 2, what is 1110 - 1011?
11
In base 4, what is -3210 + -3?
-3213
In base 15, what is -1ca - -1?
-1c9
In base 6, what is 10 + -110?
-100
In base 7, what is -415 + -11?
-426
In base 2, what is 1101010000 - 11?
1101001101
In base 6, what is 1403 - 3?
1400
In base 13, what is 2c - 32?
-3
In base 14, what is -b - 8?
-15
In base 5, what is -22432 - -10?
-22422
In base 10, what is -97 + -49?
-146
In base 7, what is -11 + -5?
-16
In base 14, what is 2 + 19bd?
19c1
In base 2, what is -1000111100 - 11?
-1000111111
In base 3, what is -100120 - 20?
-100210
In base 2, what is 111 + 11101100?
11110011
In base 8, what is -335 + -141?
-476
In base 7, what is -10 + -21?
-31
In base 14, what is 3 - -3c?
41
In base 2, what is -10000100101 - -1?
-10000100100
In base 9, what is 3 + 2066?
2070
In base 10, what is 38 + 33?
71
In base 14, what is 2 - -3a?
3c
In base 13, what is 77 - 0?
77
In base 7, what is -66601 - 2?
-66603
In base 6, what is -214 - -3?
-211
In base 15, what is 94 + -5?
8e
In base 5, what is -1 - -12440?
12434
In base 12, what is 1294 + 0?
1294
In base 6, what is 2002 - 1?
2001
In base 2, what is 11 - 10010000?
-10001101
In base 4, what is 32 + 10023?
10121
In base 3, what is 1012 - 1?
1011
In base 14, what is 7a - -2?
7c
In base 8, what is -5 + 0?
-5
In base 15, what is 3 + -a09?
-a06
In base 16, what is 54 - 2?
52
In base 16, what is 6b + -a?
61
In base 16, what is -2520 + -5?
-2525
In base 5, what is 4 - -14422?
14431
In base 6, what is 42 - 44?
-2
In base 12, what is -74 + -36?
-aa
In base 13, what is -2 + -3a3?
-3a5
In base 3, what is 2 - 10211?
-10202
In base 7, what is 343 - 5?
335
In base 6, what is -3 + -121?
-124
In base 3, what is -2 - -10200110?
10200101
In base 15, what is 85 + 0?
85
In base 13, what is 138 - 3?
135
In base 2, what is 110 + -10000100?
-1111110
In base 15, what is -38 - -5?
-33
In base 8, what is 10 + -50?
-40
In base 4, what is -20003 + -103?
-20112
In base 13, what is 2a - 8?
22
In base 15, what is a - -abe?
ac9
In base 16, what is -15b - 4?
-15f
In base 2, what is 10 + 11100?
11110
In base 3, what is -112 + 22?
-20
In base 13, what is 1 - -c7b?
c7c
In base 5, what is 2402 - 10?
2342
In base 10, what is -2 + 298?
296
In base 6, what is 1 + -2024?
-2023
In base 4, what is 3 + -211202?
-211133
In base 4, what is 2302 + -2?
2300
In base 12, what is 0 - 152?
-152
In base 6, what is 5 + -15211?
-15202
In base 2, what is -110000010 + -10?
-110000100
In base 2, what is 10110 - -10011110?
10110100
In base 3, what is 11 - 2010?
-1222
In base 12, what is -10b - 7?
-116
In base 11, what is 5 - 4a0?
-496
In base 8, what is 13 + -47?
-34
In base 15, what is 1 - 2c8?
-2c7
In base 8, what is -422 + -4?
-426
In base 5, what is 22 - 333?
-311
In base 10, what is 3 - -107?
110
In base 4, what is 0 - -211?
211
In base 6, what is 5 + -224?
-215
In base 14, what is -c7 + 1?
-c6
In base 7, what is 103 - -1225?
1331
In base 14, what is 293 - -3?
296
In base 5, what is -14 + 2?
-12
In base 16, what is -2 - 24?
-26
In base 8, what is 1 - 272?
-271
In base 13, what is 1c - -36?
55
In base 16, what is -234 + -c?
-240
In base 14, what is 60 - -5?
65
In base 3, what is 2 + -221002?
-221000
In base 11, what is -204 + 1?
-203
In base 13, what is -26 - 13?
-39
In base 15, what is -4b - -1?
-4a
In base 7, what is -142 - 1?
-143
In base 3, what is -2 + 20121021?
20121012
In base 4, what is -200330 + 2?
-200322
In base 13, what is -3 - -12a?
127
In base 12, what is -41b2 + 5?
-41a9
In base 12, what is -a + -9?
-17
In base 8, what is -3 - -45?
42
In base 4, what is -21 + -302?
-323
In base 7, what is -4 - 346?
-353
In base 11, what is 108 - 5?
103
In base 6, what is -2 - 345?
-351
In base 12, what is -4 - -65?
61
In base 15, what is 7 + -1d?
-16
In base 8, what is -6063 - 0?
-6063
In base 9, what is -462 - 11?
-473
In base 2, what is -100101 - 111?
-101100
In base 15, what is 563 + -3?
560
In base 13, what is -37 + 178?
141
In base 10, what is 9 - -36?
45
In base 5, what is 32434 - -3?
32442
In base 4, what is -3 + 3320?
3311
In base 4, what is 111 + 10?
121
In base 13, what is 1 - -84?
85
In base 12, what is -124a - 3?
-1251
In base 6, what is -2 + -553?
-555
In base 12, what is 8 + -1a7?
-19b
In base 16, what is -488 + -5?
-48d
In base 9, what is 85 + 103?
188
In base 7, what is 1 + -6654?
-6653
In base 10, what is 1724 - 2?
1722